be b(-10). Let v = t + -33. What is the tens digit of v?
3
Suppose 0 = 5*q + 5*z - 115, -q = 4*z - 6 - 17. Let y = q - 30. Let x = 22 + y. What is the units digit of x?
5
Let b(n) = n**3 + 3*n**2 + 3*n + 3. Let q be b(-2). Let u be (3/q)/3 - -1. Suppose -2*l + l + 2 = -4*a, -16 = -u*l + 2*a. What is the units digit of l?
0
Let w be (-1 - -3 - 2) + -2. Let f be 10*(3 + (-1)/w). Let l = -16 + f. What is the tens digit of l?
1
Let l(t) = 37*t + 97. What is the units digit of l(22)?
1
Suppose -25 = 7*p - 2*p. Let y(f) be the third derivative of -f**6/120 - f**5/12 - f**4/8 + f**3/6 + 4*f**2. What is the units digit of y(p)?
6
Let o = 56 + -128. Let j = 154 + o. What is the tens digit of j?
8
Let b(v) = 73*v - 38. What is the hundreds digit of b(11)?
7
Suppose -2*n - 47 = -4*n + v, -3*v + 34 = n. Let g(f) = -f**2 - 17*f - 25. Let t be g(-15). Let i = n - t. What is the units digit of i?
0
Let a(r) = -4*r - 1 - 2 + 3. Let n be a(-6). Let w = 28 - n. What is the units digit of w?
4
Let o(j) = -133*j**3 - j**2 - 2*j - 1. What is the units digit of o(-1)?
3
Let z(g) = -5*g**3 + g**2 + 7*g - 1. Let b be z(-4). Suppose 3*x = -3*j + 406 - 160, -3*j - b = -4*x. What is the tens digit of x?
7
Let h(o) = 5*o + 45. What is the units digit of h(31)?
0
Let b(a) = 7 + 2 + 2 - 9*a - 6. What is the tens digit of b(-7)?
6
Suppose -4*i - 3*i - 2*i = 0. Suppose 0 = -f + p + 9 + 28, i = -4*p - 8. What is the tens digit of f?
3
Let d be ((-9)/27)/(2/(-108)). What is the units digit of (d/27)/(4/2034*3)?
3
Let r(d) = 5*d**3 + 3*d**2 + 12*d - 159. What is the hundreds digit of r(9)?
8
Let f = -80 + 118. Suppose -3*b + 22 + 8 = -y, -4*b + 2*y + f = 0. What is the tens digit of b?
1
Suppose 2*u - 20 = 7*u, -k - u + 858 = 0. What is the hundreds digit of k?
8
Suppose 479 = x - 4*c, 0 = 4*x + 4*c - 2960 + 1044. What is the units digit of x?
9
Suppose -2*j = -2*q - 800, 3*j - 4*q = 4*j - 405. What is the tens digit of j?
0
Suppose 5*t - 7*u - 1106 = -5*u, u + 443 = 2*t. What is the hundreds digit of t?
2
Let m = -3 - 0. Suppose 4*d + 2*k - 4 = 3*d, d + 5*k = 10. What is the units digit of 33 - (m/(-1) + d)?
0
What is the thousands digit of 351112*6/456 - (-6)/57?
4
Let q be 158/8 - (-6)/(-8). Suppose q = -5*f - 16. Let k(d) = -2*d - 2. What is the tens digit of k(f)?
1
Let g(z) = -20*z - 11. Let x be g(-13). Suppose -w = -4*w + x. Let y = -24 + w. What is the tens digit of y?
5
What is the tens digit of 2877 + -6 + 0*(-4)/(-20)?
7
Let m = 11 + 39. What is the units digit of 530/m - 3/5?
0
Suppose -4*j - 8 = 5*b - 0*b, -5*j - 10 = 3*b. Suppose -v - 67 = -2*r + 4, 3*r - v - 107 = b. What is the tens digit of r?
3
Let l(p) = -24*p**2 + 3*p + 2. Let m be l(-1). Let y(d) = d**3 + 24*d**2 - 28*d + 23. What is the tens digit of y(m)?
9
Suppose -4*h = 10*h - 42. Let m(i) be the second derivative of 3*i**5/20 - 5*i**4/12 + 2*i**3/3 - i**2/2 - i. What is the tens digit of m(h)?
4
Let a = 18 + -10. What is the units digit of a/(-3)*(-15)/10?
4
Let m be (4/2)/((-6)/(-9)). Suppose u + m*h - 30 = 20, -2*h + 49 = u. Suppose -2*f + f = 4*r - u, -2*f - 49 = -3*r. What is the units digit of r?
3
Suppose 0 = a - 34 - 37. Suppose -4*o + j + 32 = -2*j, 4*j = -5*o + a. What is the tens digit of o?
1
Let g be 6/8 - ((-75)/12 - -2). Suppose -28 = -9*i + g*i. What is the units digit of i?
7
Suppose 623*t = 610*t + 23504. What is the units digit of t?
8
Let l = 1674 + -358. What is the thousands digit of l?
1
Suppose 0*g + g = -28. Let y = 250 + -284. Let i = g - y. What is the units digit of i?
6
Let g(k) = k**2 + 16*k - 15. Let o be g(-17). Suppose 0 = q - o*q + 6. Let f = 17 - q. What is the units digit of f?
1
Suppose 3*r - 4*r + z - 1 = 0, -5 = -z. Let s be (-2)/r*(14 + -2). Let n(h) = h**3 + 7*h**2 + 6*h + 6. What is the units digit of n(s)?
6
Let q = 343 - 187. Suppose -27 + q = w. What is the hundreds digit of w?
1
Let g(t) = -2*t**3 + t**2 + t + 2. Let n be g(-2). Let v = n + -8. What is the tens digit of v?
1
Let j(h) = -7*h - 6. Let q be j(-8). Suppose -m + 5*m - 3*v = q, 3*v = 6. Let w(g) = g**3 - 13*g**2 - 11*g - 18. What is the tens digit of w(m)?
2
Let p(j) = j**3 - 5*j**2 - 6*j + 1. Let r be p(6). What is the units digit of 57*r - (22 + -21)?
6
Suppose -3*t + 18 = 3. Suppose -t*v = -0*v - 400. What is the units digit of v?
0
Let g be (-44)/(-10) - (-4)/(-10). Let s = g + 54. What is the tens digit of s?
5
Let p = 85 - 80. Suppose 38 = p*m - 317. What is the units digit of m?
1
Let y = 3 - 0. Suppose 0*w - 15 = -y*w. Suppose w*h - 18 = 3*h - 4*m, 3*h + 1 = m. What is the units digit of h?
1
Suppose -f - 145 = 4*f. Suppose -2*z + 0*q + 4*q - 8 = 0, 0 = -3*z + 4*q - 12. What is the tens digit of (3 + z)*f - 2?
2
Let t = -248 - -47. Let d = -120 - t. What is the units digit of d?
1
Let u(b) = b**2 + 11*b + 10. Suppose -5*i = 33 - 3. Let t be u(i). Let h = t + 24. What is the units digit of h?
4
Suppose 2*i = 5*i - 3, l + 3*i = 9. Suppose b - l*b = -155. What is the units digit of b?
1
Let s(a) = -5 + 3 - 3*a**2 + 3 - 166*a**3 + 4*a - 5*a. What is the units digit of s(-1)?
5
What is the hundreds digit of 15704/14 + (-60)/(-210)?
1
Let z = -250 - -3813. What is the hundreds digit of z?
5
What is the tens digit of (1*12/(-15))/(39/(-585))?
1
Let p = -108 - -175. What is the units digit of p?
7
Suppose 24 = 2*x + 4*b, -3*x - 4*b + 68 = x. Let w = 15 + -1. Let q = x - w. What is the units digit of q?
8
Suppose 3*c = -v + 14, 0 = 3*v - 5*v + 10. Suppose -4*q + 80 = 7*t - c*t, -t + 4*q + 40 = 0. What is the tens digit of t?
2
What is the tens digit of (-10 - -950)*(-28)/(-8)?
9
Let g = -821 - -1201. Suppose 129 = -y + g. What is the units digit of y?
1
Let y(j) = -j. Let z(c) = -11*c + 14. Let g(f) = -y(f) - z(f). What is the units digit of g(10)?
6
Let p(a) = a + 6. Let x be p(-16). What is the units digit of (-7)/(-2)*(-8 - x)?
7
Let n = -155 + 333. Suppose 7*q + n = 9*q. What is the units digit of q?
9
Let x = 45 + -1. Suppose 4*h - 64 - x = 0. What is the units digit of h?
7
Let t(a) = 11*a**3 - 12*a**3 - a**2 - 2 - 8*a - 4*a**2. What is the units digit of t(-4)?
4
Let l = 19 - 14. Suppose 4*w - 5*f - 317 - 50 = 0, 3*f - 468 = -l*w. What is the tens digit of w?
9
Suppose 3*y + 826 = 3*f + y, 0 = -4*f + y + 1103. What is the units digit of f?
6
Let f = -7 - -9. Suppose 3*g + 0 + 12 = 0, f*t - g - 70 = 0. Let i = -26 + t. What is the units digit of i?
7
Let i = -186 + 126. What is the units digit of ((-3)/i*8)/(2/5)?
1
Suppose 7 = -g - 5. Let h = -45 - -65. Let d = h + g. What is the units digit of d?
8
Let o be ((-7)/21)/(1/(-9)). Let u(f) = o*f - 225 + 225. What is the units digit of u(1)?
3
Let f(m) = 77*m**2 - 2*m + 9. Suppose -12 = -0*k - 2*k. Let j(v) = -39*v**2 + v - 5. Let w(c) = k*f(c) + 11*j(c). What is the tens digit of w(-1)?
3
Let t = 1410 - -267. What is the hundreds digit of t?
6
What is the tens digit of (-906)/(-8) + 43/(-172)?
1
Let s = -63 + 54. What is the tens digit of s/((-27)/78)*(-14)/(-4)?
9
Let m = -84 + 658. What is the hundreds digit of m?
5
What is the hundreds digit of (5 - 5397/3)/(-2 - -1)?
7
Suppose -5*v + 3335 = 4*p, -92*v + 5*p = -96*v + 2668. What is the hundreds digit of v?
6
Let u(l) = -47*l - 356. What is the units digit of u(-22)?
8
Suppose -4*u = 5*q - 30499, -29*q + 30*q - 6111 = 2*u. What is the thousands digit of q?
6
Let q = -14 + 18. Suppose -3*j - 4 = -q*j. What is the units digit of j?
4
Let w(x) = 5*x**2 + 12*x - 22. What is the tens digit of w(-15)?
2
Let t(w) = -2*w**3 - 2*w**2 - 11*w - 61. What is the units digit of t(-6)?
5
What is the hundreds digit of ((-144)/(-20))/((-413)/210 - -2)?
2
What is the thousands digit of 24/(-3) - (-3729 + 2 + -3)?
3
What is the hundreds digit of 3 + 23/(-7) - (-3700)/14?
2
Let g be (-70)/(-22) + (-2)/11. Suppose 146 = g*i - 2*i. Suppose 5*o = 2*l - 55, -4*o - i = -4*l - l. What is the tens digit of l?
3
Let l = 285 - -541. What is the hundreds digit of l?
8
Suppose -p + 54 = 4*x, 41 = -0*x + 3*x + p. Suppose -3*y = x - 7. What is the units digit of y*((-23)/2)/1?
3
Let g = 50 - 29. Suppose 0 = -z + g + 17. What is the tens digit of z?
3
Suppose l = -4*l + 95. Suppose l = 5*b - 6. Let m(u) = 2*u**2 - 5*u + 1. What is the units digit of m(b)?
6
Suppose 9*g - 11280 = -3873. What is the hundreds digit of g?
8